+ 0*h - 468 = 2*m, -4*h - 5*m = -954. What is the remainder when h is divided by i(0)?
12
Let n(t) = 9*t**2 + 5*t + 3. Suppose 12*h + 2*h + 11704 = 0. What is the remainder when n(-4) is divided by (-26840)/h + (-2)/19?
31
Let z(i) = -i + 11. Suppose 3043 + 5023 + 10666 = 446*l. What is the remainder when l is divided by z(-13)?
18
Suppose 0 = 5*i - 3*d + 1 + 4, i = -d + 7. Let l = 6 - i. Let b(x) = 26*x - 26. What is the remainder when b(l) is divided by 20?
18
Let a be -1*2*(-9)/18. Let g be 10/((4 - a)/6). Calculate the remainder when 81 is divided by (-1 + 0 - -2) + g.
18
Let c = -37 + 38. Let a be ((-5)/(-10)*2)/c. What is the remainder when 38 is divided by a/2 + 152/16?
8
Suppose 12 = -0*g + 2*g. Suppose 7*o - 67 = -46. Suppose -c - 38 = -5*i, o*c = -2*i + g*c + 10. What is the remainder when i is divided by 3?
2
Let x(f) = -6*f - 6. Let y be x(-4). Let a be (-2 + 966/24*1)/((-27)/(-36)). Calculate the remainder when 105 is divided by 3/(-2)*(-17)/a*y.
6
Let w = 18408 + -18104. What is the remainder when w is divided by 158?
146
Let m = -167 + 166. Let k(v) = -72*v**3 - 2*v**2 + 1. Suppose -3*h = c - 74, -3*h + 0*c - 2*c + 76 = 0. What is the remainder when k(m) is divided by h?
23
Let y = 10990 - 10980. Let g(m) = -2*m**2 + 4*m - 2. Let x be g(3). Let f(p) = -p**3 - 7*p**2 + 4*p - 6. Calculate the remainder when f(x) is divided by y.
6
Let r = 5443 + -5411. What is the remainder when 3291 is divided by r?
27
Suppose 826 = 3*p + 2*a, p + 8*a - 298 = 13*a. Calculate the remainder when p is divided by 35.
33
Let d(s) = -5*s**3 - 2*s**2 - 6*s - 5. Let n be d(-3). Let y = n + -69. Let r = -59 + y. What is the remainder when 8 is divided by r?
0
Suppose -j - 10 + 86 = 0. Suppose 4*h + 48 = -4*s, -2*h = -4*s - 0*h - 54. Let u = 34 + s. Calculate the remainder when j is divided by u.
13
Suppose -m + 999 = -5*j, m - 5*m = 2*j - 4040. Suppose d - 7*q + 6*q = 89, 3*d - q - 273 = 0. What is the remainder when m is divided by d?
89
Let y be 13 + -9 + -357 + 1 + -6. Let f = -297 - y. What is the remainder when 120 is divided by f?
59
Let r(u) = -u - 7. Let f be r(-7). Suppose -4*p - 2*w + 327 + 141 = f, -5*p + 584 = 3*w. What is the remainder when p is divided by 32?
22
Calculate the remainder when 951 - 19/((-209)/22) is divided by 121.
106
Let i be 6/(-33) + (24/33)/4. Let f = 3 - i. Suppose f*x = 2*o - 16, -2*o + 2 + 0 = 4*x. Calculate the remainder when 8 is divided by o.
3
Let b be 15*(6/60)/((-1)/(-10)). Suppose -7*q - 232 = -b*q. Calculate the remainder when q is divided by ((-1)/(-2))/((-2)/(-20)).
4
Let s(g) = 3*g**2 - 60*g + 127. Calculate the remainder when s(24) is divided by 46.
1
Let v be 6/(-15) + 3/((-15)/(-22)). Suppose v*q + 20 = 4*c - 0*c, 5*c = 25. Suppose q*u - 30 = -2*u. Calculate the remainder when 59 is divided by u.
14
Let p(w) = -348*w - 5208. Let f = -6 + 4. Calculate the remainder when f/8*-2*88 is divided by p(-15).
8
Suppose 3*f = -0*f + 3482 - 56. Calculate the remainder when f is divided by 368.
38
Let x(r) = -r**2 + 10*r + 12. Calculate the remainder when 278 is divided by x(4).
26
Let t be (-19)/(-4) - (-3)/12. Suppose -q = t*c - 31 - 27, -q + 38 = c. Calculate the remainder when q is divided by 17.
16
Let l(b) = -b**3 - 8*b**2 + 7*b + 3. Suppose -3*r = 4*y - 2, 4*r - 3*y = 2*y + 44. Let m be (-7 + 4 - r) + 0. What is the remainder when l(m) is divided by 8?
5
Suppose 0 = -2*g + 21*x - 19*x + 66, -140 = -4*g + 6*x. Calculate the remainder when 1101 is divided by g.
28
Let w be 3 - (-2*12 + -5). Suppose 0*r + 2*c + w = 2*r, 4*r - 2*c = 68. What is the remainder when 39 is divided by r?
3
Let w = 21 - -2. Let g = -2697 - -1904. Let i = 976 + g. Calculate the remainder when i is divided by w.
22
Suppose 5*a - s + 4*s - 1567 = 0, -4*a - 3*s = -1253. Suppose 607 = 11*p - 548. Calculate the remainder when a is divided by p.
104
Suppose 103*k - 5*r = 106*k - 54, 5*k + 3*r - 74 = 0. Calculate the remainder when 249 is divided by k.
2
Let k(j) = 3*j**2 + j + 4. Let w(f) = 1020*f - 6837. What is the remainder when w(7) is divided by k(-3)?
23
Let u be (-18)/(-45) - (-459)/15. Suppose -22*b = -u*b + 144. What is the remainder when 86 is divided by b?
6
Calculate the remainder when 2348 is divided by (-500)/45*(2/(-4))/(19/171).
48
Suppose 13*i + 1457 + 2833 = 0. Let c = i - -372. Calculate the remainder when 247 is divided by c.
37
Let c = 3056 - 2909. What is the remainder when 237 is divided by c?
90
Let m(s) = -s**2 + 4*s. Let d be m(4). Suppose 5*w + 2*o - 64 = d, 2*w = 4*o + 15 + 25. What is the remainder when 14 + (-15 - -88) + -7 is divided by w?
10
Suppose -12*s = -13*s - 16. Let w(t) = 5*t + 11. What is the remainder when (700/(-16))/7*s is divided by w(8)?
49
Let v(u) = -u**2 - 82*u + 104. Calculate the remainder when 2596 is divided by v(-82).
100
Let l(b) = b + 104. What is the remainder when 19 - 25 - (27/81 - 1570/3) is divided by l(0)?
101
Let v(z) = z**3 + 8*z**2 + 5*z - 6. Let s(n) = -7*n - 94. Let x be s(-15). Let p(q) = 10*q - 96. Calculate the remainder when v(-6) is divided by p(x).
8
Let x = 3150 - 2839. What is the remainder when x is divided by 101?
8
Let b = -3 - -67. Suppose -7 = 3*m - b. Let y = 472 + -436. What is the remainder when y is divided by m?
17
Let o(s) = 3*s + 1. Let r be o(3). Suppose r*h = 5*h + 100. Calculate the remainder when (66/77)/(9*(-14)/(-14553)) is divided by h.
19
Suppose 5*u - 2 = 3*u - v, 9 = -u - 3*v. Suppose 0 = -4*p + 5*p - 1, -2513 = -u*y + 4*p. Calculate the remainder when y is divided by 84.
83
Suppose 0 = -110*n + 92*n + 936. Let y = n + 125. Calculate the remainder when y is divided by 46.
39
Let q = 132 - 64. Let z = 1768 - 1726. What is the remainder when q is divided by z?
26
Let j(l) = -85*l**2 - l + 2. Let w be j(1). Let z = 85 + w. Suppose -5*q = 2*f + 1 + 1, 2*f - 2 = -3*q. Calculate the remainder when f is divided by z.
0
Suppose 0 = -52*z + 19760 + 122148. What is the remainder when z is divided by 210?
209
Suppose -q = -3*u + 6131, 0 = 41*q - 44*q + 3. Calculate the remainder when u is divided by 38.
30
Let h(v) = v**3 + 49*v**2 + 100*v + 160. What is the remainder when h(-46) is divided by 39?
36
Let k(d) = -d**2 + 23*d + 104. Let o be k(27). Let x = 715 + -482. What is the remainder when x is divided by (o - -7)*104/12?
25
Let t(d) = -2*d**2 - 38*d - 5. Let x be (-1116)/60 + 3/5. Calculate the remainder when 58 is divided by t(x).
27
Let h(t) = 28*t**2 - t + 1. Let m be h(1). What is the remainder when (1 + 0)/((-298)/(-28012)) is divided by m/126 + 142/9?
14
Suppose -5*n = s - 83, -261*n = 4*s - 258*n - 247. What is the remainder when 2034 is divided by s?
4
Let g(a) = 3*a**2 + 53*a + 169. What is the remainder when 127 is divided by g(-3)?
16
Let y(q) = -21*q + 42. Let j be y(-11). Suppose 3*z + j = r, 5*z + 546 = 2*r - 0*z. Calculate the remainder when r is divided by 70.
63
Let w be 4/(-8)*-4*-4*15. Let f = -108 - w. Let c(m) = -m**2 - 15*m - 9. Calculate the remainder when c(-6) is divided by f.
9
Suppose 304*i = 154*i + 161*i - 792. What is the remainder when 784 is divided by i?
64
Let q(z) = -13*z - 11. Let o = -26 + 51. Calculate the remainder when q(-2) is divided by (-20)/o*(-45)/6.
3
Let d be ((-12)/16)/((-45)/40)*156. Suppose 7*a + d = 20*a. Let z(x) = x**2 - 2*x + 2. What is the remainder when a is divided by z(3)?
3
Let u be 5 + -3 - (-4 - -4). Suppose 4*n - 3*r = 68, n - u*r - 30 = 2*r. What is the remainder when n is divided by (-256)/48*3/(-2)?
6
Let b = -47 + 45. What is the remainder when 17 is divided by (-6)/5*5/b?
2
Let l(f) = 3*f**2 + 3*f - 24. Let w(h) = -4*h**2 - h + 25. Let a(g) = 5*l(g) + 4*w(g). What is the remainder when 31 is divided by a(6)?
1
Let b(j) = j**3 + 10*j**2 + 9*j + 7. Let o be (-6 - 15/(-3)) + 10. Let y(r) = r**2 - 9*r - 9. Let u be y(o). What is the remainder when b(u) is divided by 4?
3
Let m(n) = -18*n + 8 + 3 + 46 + 27*n**2 - 23*n**2. Calculate the remainder when m(3) is divided by 16.
7
Let h be (-76)/38 + 67*1. Suppose 2*v = 2*p + 92, -5*p - 30 - h = -2*v. Calculate the remainder when 179 is divided by v.
44
Let g(w) = -w**3 - 3*w**2 + 9*w + 2. Suppose -4*n - 240 + 53 = -5*x, 5*x - 5*n - 195 = 0. What is the remainder when g(-6) is divided by x?
25
Let f(t) = -151*t**2 - 762*t - 8. Let u = -3 + 5. Le